e?
True
Suppose 4*d - 8*d - 720 = 0. Let x = -411 - d. Is 1/(((-3)/x)/1) a composite number?
True
Let k(a) = 34*a**2 - 4*a - 7. Is k(-4) prime?
False
Let a = -1991 + 3390. Is a a prime number?
True
Is 2/(24/4449) + (-1)/(-4) prime?
False
Let n(a) = 0*a - 2 + 1 + 2*a**2 - 3 - 3*a. Is n(5) a composite number?
False
Suppose -6*w + 1266 = -0*w. Is w composite?
False
Is -3 + 0 + 2 + 1 + 15013 a prime number?
True
Let n(j) be the third derivative of -1/8*j**4 - 1/60*j**6 - 3*j**2 + 1/3*j**3 + 0*j + 0*j**5 + 0. Is n(-3) a prime number?
False
Is (-687)/(-1 + (-5 - -5)) composite?
True
Suppose 295 = 2*v + 3*v + 5*s, 2*s - 176 = -3*v. Let l = v - 31. Is 512/36 - 6/l composite?
True
Let n = -24 - -48. Suppose c - n = -1. Let k = 58 - c. Is k a prime number?
False
Suppose 2*k - 739 - 17 = -2*i, -3*k + 1140 = -3*i. Is k prime?
True
Let y(b) = -19*b**3 + b**2 + 2*b + 2. Let p be y(-2). Suppose -3*n - 4*x = -n - p, 3*x + 341 = 4*n. Is n composite?
False
Let m(f) = -2*f**2 + 7*f + 5. Let s(a) = a + 1. Let w(l) = -m(l) + 2*s(l). Let x be w(-8). Suppose 3*u - x = -2*u. Is u a composite number?
True
Let m be (-2)/(-4) + (-5)/(-2). Let w(p) = -p**2 + 4*p - 2. Let n be w(m). Is (2*n)/((-2)/(-11)) prime?
True
Suppose -57 = -5*y + 8. Is y a prime number?
True
Let u be (12/9)/(3/(-108)). Let k = -221 - -46. Let l = u - k. Is l a composite number?
False
Let h(x) = -x**3 + 6*x**2 + 7*x + 3. Let a be h(7). Is a - (1 - (90 - 3)) prime?
True
Suppose -29 = -3*p - 8*s + 3*s, 4*p + 5*s = 32. Suppose 0 = 3*u - p + 6. Is u/2 + (-1341)/(-6) composite?
False
Let x = -16 - -1. Let u be (-231)/x - 6/15. Suppose -6*g - u = -g, 4*o - 4*g - 64 = 0. Is o a composite number?
False
Let a(s) = s**3 + 10*s**2 - 4. Let j be 291/(-33) - (-2)/(-11). Is a(j) prime?
False
Let d(t) = -t**3 - 7*t**2 + 3. Let g be d(-7). Let q = 10 + g. Is q a prime number?
True
Let u = 17 + -9. Let b be (-4 - -2) + 0 + u. Suppose -3*w = -b*w + 447. Is w a prime number?
True
Let s be (-2 + 6)/((-3)/6). Let a = s - -11. Is a a composite number?
False
Suppose 5*a - 864 = 4691. Is a a prime number?
False
Let a(g) = g - 6. Let j be a(0). Let o(s) be the first derivative of s**3 + 4*s**2 - s + 7. Is o(j) composite?
False
Let z(y) = -y**2 + 6*y - 4. Let o be z(4). Let u(p) = -3*p**2 + 0*p + 3*p + 2 + 2*p**3 - 2*p**2. Is u(o) a composite number?
True
Suppose -5*i = -4*j - 1427, 4*i - 2*j - 954 - 184 = 0. Suppose 0 = -0*h + h - 4, o + 5*h = i. Is o prime?
True
Let c(f) = -f**3 + 2*f**2 + 2*f + 3. Let t be c(3). Is 133/(t + 1) - 0 prime?
False
Suppose w - 5*a = 129, 0 = 3*w + 2*w + a - 567. Suppose -2*r + 120 = 2*r + 2*n, 5*n = -4*r + w. Is r a composite number?
False
Suppose a + 183 = 50. Is (-8949)/a - 2/7 composite?
False
Suppose -15 = 3*q + 2*q. Let g be (4 - (q + 2)) + -2. Suppose g*p - 39 = -0*p. Is p composite?
False
Is 3715/1 - -6*10/(-15) composite?
True
Let x(l) = 2*l**3 + l**2 + 22. Let m(p) = 3*p**3 + 2*p**2 + 43. Let r(s) = 3*m(s) - 5*x(s). Is r(0) a composite number?
False
Let h(t) = -19*t - 17. Let a(d) = 1. Let u(c) = 5*a(c) + h(c). Is u(-5) prime?
True
Suppose -105 - 84 = 3*m. Let f = m + 194. Is f a prime number?
True
Suppose 0*m + 6*m - 1290 = 0. Is m a composite number?
True
Is (3 - 1)/(8/956) prime?
True
Suppose -2*c = -10 - 30. Suppose -2*w = -3*w - c. Is (-4425)/w + 1/(-4) a prime number?
False
Suppose -b = k + 7, 3*b + 0*b + 5 = 5*k. Is (-1)/2*k*329 composite?
True
Suppose -3*k - 4 = -4*k. Suppose -j + k*j = 0. Suppose j = -2*a - a + 114. Is a a composite number?
True
Let r(u) be the first derivative of -u**4/12 - 13*u**3/6 - 7*u**2/2 + u - 1. Let m(k) be the first derivative of r(k). Is m(-5) a composite number?
True
Let o(l) = l**2 - 5*l - 6. Let c be o(5). Suppose 115 = 6*g - 143. Let t = g + c. Is t a composite number?
False
Suppose 4*s + 0*s = 13796. Is s composite?
False
Let y(t) = 3*t**2 - 11*t + 7. Let s be y(11). Suppose -5*c = 4*j - s, -2*c + 2*j = -c - 61. Is c composite?
False
Suppose -17 = -4*a - 6*h + 5*h, -5*h = -3*a + 7. Suppose -f + a*q + 11 = 0, -5*q + 2*q = f - 32. Is f prime?
True
Suppose -3*r - c - 4*c + 15 = 0, 0 = 5*r + c - 47. Let q = 5 - r. Let v(i) = -16*i + 3. Is v(q) composite?
False
Suppose 6 = 3*m, 3*c + 2*c - m = 18. Let r = -1 + c. Let l(x) = 29*x + 2. Is l(r) prime?
True
Suppose -102*g + 99*g + 1191 = 0. Is g a prime number?
True
Let x(v) = v**2 - v + 1. Let o be x(0). Let g(d) = d**3 + d + 1. Let b(w) = 3*w**3 + w**2 - w - 4. Let s(i) = o*b(i) + 3*g(i). Is s(2) a composite number?
True
Suppose 6*w + 45 = 579. Is w composite?
False
Suppose h - 41 = 5*f, -4*h + 0*h + 88 = -f. Is 4560/h + (-1)/7 composite?
True
Let p(j) = 115*j**2 + 3*j - 5. Is p(3) prime?
True
Suppose 5*v + 25 = 0, 3*l + 1 = 5*v + 92. Is l composite?
True
Let r(x) = -x**2 - 7*x. Let z be r(-7). Suppose -v - 3*p + 105 = z, v = -2*v - 2*p + 329. Is v composite?
True
Let l(j) = 7*j**2 - 10*j + 13. Let z be l(9). Suppose z - 105 = 5*x. Is x a prime number?
False
Let k(m) = 191*m. Let l = -7 + 8. Is k(l) a prime number?
True
Let k = 120 - 65. Is k composite?
True
Let f(v) = v**2 - 9*v - 5. Let g be f(9). Let m = 7 + g. Suppose -2*d = m*o - 82, -2*d + 6*o + 70 = 2*o. Is d a composite number?
True
Let f(i) be the second derivative of 5*i**3/6 + i**2/2 - i. Let w be 0 + 0 - (-8)/2. Is f(w) prime?
False
Suppose -2*w = -1277 + 319. Let g = -315 + w. Suppose g = -2*i + 538. Is i composite?
True
Suppose h + 13963 = 4*r + 6*h, 3*h + 15 = 0. Is r a composite number?
True
Suppose -180 = -2*l - l + 3*c, 5*l - 279 = -2*c. Suppose 2*b = -j + 108, -b - 3*j + l = -2. Is b prime?
True
Suppose 48 = 4*w - 268. Is w prime?
True
Suppose q + 5*i - 108 = 2*q, -410 = 4*q + 2*i. Let j = -54 - q. Is j composite?
True
Let y be 125 + (4 - (3 - 1)). Let u = -48 + y. Let k = -56 + u. Is k a prime number?
True
Let d be (-1)/(-2)*0/(-3). Suppose d*y + 2*y - 938 = 0. Is y a composite number?
True
Let b = -121 + 324. Is b a composite number?
True
Suppose 1 = -3*h + g, 4*h + 4*g - 5 = -g. Let l(k) = k + 37. Is l(h) a composite number?
False
Let h be 3321/15 - (-6)/10. Suppose q = -2*q + h. Is q a composite number?
True
Suppose 33*q - 30*q = 37443. Is q a composite number?
True
Let q be 19/7 - 4/(-14). Suppose 0 = -0*n + q*n. Is (1 - -57)/(1 + n) a composite number?
True
Let t(d) = -2*d - 3. Let n be t(-2). Let i = -4 - n. Let o(p) = 3*p**2 + 5*p - 1. Is o(i) a prime number?
False
Is (-3)/2*524/(-3) a composite number?
True
Is 7/((-14)/(-2752)) - 5 composite?
True
Is (796/(-16))/((-4)/16) composite?
False
Suppose -5*t + 91 + 834 = 0. Is t prime?
False
Suppose 8*j = 6*j + 862. Is j a composite number?
False
Let h(y) = y**3 + 8*y**2 - 8*y + 11. Let b be h(-9). Suppose -12 = -5*l - b. Suppose -l*f = -0*f - 70. Is f composite?
True
Suppose -5*z + 4*f = 62 - 677, 0 = 5*f - 25. Is z a prime number?
True
Suppose 8*v - 3*v = 20. Let l = -1 + v. Suppose -l*c + 388 = c. Is c prime?
True
Let c(l) = -l**3 - 9*l**2 - 6*l - 8. Is c(-9) prime?
False
Suppose 0 = 5*n - r - 2 - 8, 4*n - 3*r - 8 = 0. Suppose 2*w + 6 = n*d, -3*w + 9 = 3*d - 7*w. Suppose d*l = 5*l - 226. Is l composite?
False
Let m = -187 - -274. Is m a composite number?
True
Let v be 24/30*(-5)/(-2). Let x(s) = 34*s**2 - 2*s + 1. Is x(v) composite?
True
Let o = 8 + -6. Suppose -56 = -0*m - o*m. Suppose -t = t - m. Is t prime?
False
Suppose i - 4 + 2 = 0. Let v = 5 - i. Is v a prime number?
True
Let j = -457 + 1176. Is j composite?
False
Let m(b) = b - 6. Let d be m(13). Suppose 0 = -d*a + 3*a + 5*j + 661, 3*a + 2*j = 467. Is a a prime number?
False
Let u be (-45)/(-9)*(-16)/10. Let v(z) = z**3 + 9*z**2 - 5*z + 5. Is v(u) prime?
True
Let b = 215 - 100. Is b a composite number?
True
Is 3048/10 - ((-24)/20 - -1) composite?
True
Suppose 5*s + 153 = 3658. Is s prime?
True
Let x be (20/(-16))/(2/(-8)). Suppose 0 = -0*j + x*j - 10. Suppose -5*w + 107 = 4*y, j*w - 3*w - y = -22. Is w a prime number?
True
Suppose 5*l + 140 - 680 = 0. Suppose 2*k = -2 + l. Is k a composite number?
False
Let k be 446/(-5)*(-4 - -9). Let o = k + 1144. Is o a prime number?
False
Let t be 139 - (2 - (-2)/(-2)). Let m(y) = -2*y**2 + 16*y - 17. Let z be m(11). Let q = t + z. Is q a composite number?
True
Let y = -5 - -1. Is 9/(-12) - 159/y prime?
False
Let i(x) = -x**3 + 9*x**2 + 5*x - 2. Is i(7) a composite number?
Fal